 hundreds digit of u?
1
Let c(k) = 350*k - 36. Let l be c(-3). Let n = l + 1675. What is the units digit of n?
9
Let p(l) = l - 2. Let t be p(7). Let c(j) = 12*j + 120. Let v be c(-10). Suppose 3*a + m - t*m - 45 = v, 4*a - 79 = -m. What is the units digit of a?
9
Let f(q) be the first derivative of 3*q**4/4 + q**3/3 - q**2 + q + 39. Let o be f(1). Suppose 142 = 3*u + 5*v, 0 = -v - o*v + 8. What is the units digit of u?
4
Let r(k) = 35*k**2 + 14*k - 6. Let b be r(8). Suppose 0 = -7*u + u + b. What is the tens digit of u?
9
Suppose 0 = 2*t - 4*v - 43404, 5*v = t + 6698 - 28385. Suppose -8*j - 15*j + t = 0. What is the hundreds digit of j?
9
Let g(x) = 23959*x**3 + 2*x + 1. Let s be g(-1). Let y be s/(-110) + 2/11. Let w = 348 - y. What is the hundreds digit of w?
1
Suppose 0 = -r + 8513 + 15192. What is the hundreds digit of r?
7
Let u = 376 - 698. Let w = u - -228. What is the units digit of (w/(-7))/(1/7)?
4
Let q = 1092 + -12. Suppose -83*d + 76*d = -56. Suppose d*s - q = 336. What is the tens digit of s?
7
Let y be ((-33)/6)/(2/(-4)). Suppose y*v + 4*v = 9630. What is the units digit of v?
2
Let c = -32652 - -55354. What is the ten thousands digit of c?
2
Suppose -5*j = -5*n - 50, 0 = 2*n - j - 1 + 18. What is the units digit of 160 + 0 + (-3)/(4 + n)?
1
Suppose -3*g - 380 = 2*c - 8, -5*c = g + 124. Let w be -6 - (10/((-150)/9)*5 + 59). Let n = w - g. What is the tens digit of n?
6
Let c be 425 + 24/16*(-8)/6. Suppose -3 = w, 3*j = -0*j - 2*w + c. Let g = j - 88. What is the units digit of g?
5
Let s be 3*(-10)/(-5) - 6. Suppose 3*o + 3*t - 1791 = s, -89*t = -4*o - 91*t + 2398. What is the units digit of o?
2
Suppose 18 + 6 = 8*v. Let s(x) = 29*x**3 - 2*x**2 - 9*x + 7. What is the tens digit of s(v)?
4
What is the tens digit of (-1)/(-26) + (-8923148)/(-1352)?
0
Suppose -57729 = -3*n + 3*l, 4*n = -539*l + 537*l + 76978. What is the ten thousands digit of n?
1
Let t be 399 - (2 + -5)*-1. Suppose -t = -s + 4*n, -8*s + 4*s + 1532 = -3*n. What is the hundreds digit of s?
3
Let v(d) = 2*d - 6. Let p be v(7). Let y(b) = 72*b + 198. What is the tens digit of y(p)?
7
Let y be 2 - 5 - (7 + -9 - 87). Suppose -84*t - 356 = -y*t. What is the tens digit of t?
7
Let z be (-1)/(-3) - 545/(-3). Let r = 187 - 266. Let c = r + z. What is the tens digit of c?
0
Suppose 44*o - 353632 = 738921 - 140789. What is the units digit of o?
1
Suppose 0 = -17*z + 22*z + 2*a - 155354, -8*z + 248562 = a. What is the ten thousands digit of z?
3
Let f be 4/(-10)*1 + (-1056)/(-40). What is the tens digit of 594/8 + f/(-104)?
7
What is the tens digit of ((0 + (-9332)/12)*1)/(33/(-891))?
9
Let q(f) be the first derivative of -13*f**4/4 - 10*f**3/3 - 19*f**2/2 - 14*f - 245. What is the units digit of q(-5)?
6
Let v = -49 - -53. Suppose -4 = v*u, 5*m + 4 = 5*u + 24. Suppose 5*t = o + 437, t = -m*o + 17 + 80. What is the units digit of t?
8
Let c(t) = 3*t**2 - 5*t + 155. Let i be c(28). Suppose -3*w - 5*z + i = 0, 16*w - 11*w + 3*z - 3929 = 0. What is the units digit of w?
4
Let b(h) = 717*h**3 + 15*h**2 - 45*h + 7. What is the hundreds digit of b(3)?
3
Let u(d) = d**3 - 15*d**2 + 3*d + 18. Let o be u(12). Let p = o - -811. What is the units digit of p?
3
Let k be 27/6*242/(-33). Let p = -14 + -75. Let l = k - p. What is the tens digit of l?
5
Let y(n) = 21*n + 48. Let b(i) = 5*i + 12. Let c(r) = 9*b(r) - 2*y(r). Let p be c(-5). What is the units digit of (1/p)/((-16)/1968)?
1
Let y = -72 - -75. Suppose -5*w + y*m + 510 = -3*w, -w + 255 = -2*m. Let j = w + -90. What is the hundreds digit of j?
1
Let b = 1620 - -5118. What is the thousands digit of b?
6
Let h = -8661 - -17442. What is the tens digit of h?
8
What is the units digit of (-5 + (-54)/(-12))/((-1)/1354)?
7
Let a(r) = -28*r**3 - 4*r**2 + 3*r + 16. Suppose 0 = 22*i + 23*i + 90. What is the tens digit of a(i)?
1
Let z(v) = -5*v**2 + 277*v - 27. What is the units digit of z(16)?
5
Let j = -162 + 171. Suppose 0 = 3*w + 5*u - 17, 4*w + w + 3*u - 7 = 0. What is the units digit of (-109)/w + (8 - j)?
8
What is the units digit of 41751 - -2 - 1740/(-145)?
5
Let h(w) = -4*w - 23 + 5*w - 4 + 4*w. Let u be h(6). Suppose 44 = z - 2*m, -4*m - u - 9 = 0. What is the tens digit of z?
3
Let f(h) = 12*h**2 + 10*h + 33. Let u = -106 + 102. What is the tens digit of f(u)?
8
Let t(g) = -3*g - 5*g**3 - 10*g**3 + 19*g**3 - 2 + 6*g**2. What is the hundreds digit of t(4)?
3
Let p(g) = 2*g**2 - 14*g + 13. Let c(m) = -m**2 + 15*m - 12. Let q = -47 - -44. Let w(y) = q*c(y) - 2*p(y). What is the units digit of w(-13)?
2
What is the ten thousands digit of 50391 - 4 - 1*6*(-196)/(-147)?
5
Suppose 0 = 3*v + 4*s - 25026, 0 = 144*v - 142*v + 5*s - 16698. What is the units digit of v?
4
Suppose 8 = 4*h, 0*f - 2 = 5*f + 4*h. Let i be (f + 2)/(11 - 13). Suppose -5*j = -l + 23 + 6, i = 3*l + 3*j - 177. What is the units digit of l?
4
Let u be (9/(-6))/(-4 - (-203)/56). Suppose u*s - 1691 = -475. What is the hundreds digit of s?
3
Let i = -178 - -169. What is the tens digit of (-2172)/i*(-5 + 13/2)?
6
Let a be ((-15)/5 - 242/6)*-3. Suppose k + 6 - a = 0. Let g = 175 - k. What is the tens digit of g?
5
Suppose -5*u - 23*k = -20*k - 371265, 2*u - 148487 = -5*k. What is the tens digit of u?
5
Suppose 60 = -w + 4*p, -26 = 3*w - 4*p + 186. Suppose -5*l = 3*k + 201, -4*k + 177 = -4*l - k. Let g = l - w. What is the units digit of g?
4
Suppose 34*t - 22*t = -30*t + 448014. What is the ten thousands digit of t?
1
Suppose 5*r + 30 = 7*r. Suppose 4*s - 1 = -m + s, -4*m - s + r = 0. Suppose 4*y - 195 = -b + 5*y, 2*b + m*y = 360. What is the hundreds digit of b?
1
Suppose -78610 + 10586 = -5*u + 7301. What is the tens digit of u?
6
Let j(p) = 4*p**2 - 5*p + 2. Let a be j(2). Suppose -a*y = -4*t - 11*y + 201, 4*t = -y + 203. What is the units digit of t?
1
Suppose -9*k + 59039 + 133673 = 4*k. What is the units digit of k?
4
Suppose 4*o - 3053 = -3*d - 0*o, -4*d - 4*o + 4076 = 0. Suppose 3*b = 174 + d. What is the hundreds digit of b?
3
Let p(c) = -94*c + 477. What is the tens digit of p(-33)?
7
Suppose -111*i - 565336 = -2*i - 1468074. What is the units digit of i?
2
Let q = -21559 - -49952. What is the hundreds digit of q?
3
Let r be (-3 + (-52)/(-12))*-3. What is the tens digit of (-67730)/(-78) + (-1 - r/6)?
6
Let y = 14070 + -7263. What is the hundreds digit of y?
8
Suppose -43393 + 12198 = -20*j - 65*j. What is the tens digit of j?
6
Suppose 4*x - 3*u = -u + 65728, -40*x + 657430 = 5*u. What is the ten thousands digit of x?
1
What is the thousands digit of 165/66 - (32466/(-12) + 0)?
2
Suppose -239*d + 234*d - 3*l = -147016, 0 = 3*d + 3*l - 88218. What is the units digit of d?
9
Let h(t) = -t + 67. Suppose 68 = -4*u + 2*w, w = 3*u - 8 + 60. Let x be h(u). Let a = 150 + x. What is the hundreds digit of a?
2
Let s be (12/4)/((-12)/(-712)). Let t(j) = -j**3 - 4*j - 3. Let z be t(-4). Suppose 78*l - z*l = s. What is the units digit of l?
8
Let t(c) = -2. Let i(b) = 74*b - 17. Let o(r) = 3*i(r) + 6*t(r). What is the tens digit of o(4)?
2
Let u(p) = -p**2 - 8*p - 1. Let s be u(-7). Let j(q) = -2*q + 15. Let f be j(6). What is the tens digit of (-2 + f/s)*-60?
9
Let r be 72/30 + (-9)/(-15). Suppose 10 = -4*n + o - 8, 5*o + 2 = -r*n. What is the hundreds digit of (-103 - -1)*(n - -3)?
1
Let h(j) = -j**3 - 2*j**2 - 5*j - 4. Let n be h(-2). Suppose w + 4*c - n = 4*w, -2*w - 2*c = -10. What is the tens digit of w/6 + (-1524)/(-18)?
8
Let c(q) = -q**3 - 8*q**2 + 4*q + 18. Suppose 0*j + 7*j + 56 = 0. Let g be c(j). Let s = 121 - g. What is the hundreds digit of s?
1
What is the tens digit of 750867/15 - 8/(-40) - (-2 + -1)?
6
Suppose -1145 = -7*y + 1599. Let p = y + -26. What is the tens digit of p?
6
Let l(g) = 20*g**2 + 121*g - 2845. What is the units digit of l(21)?
6
Let y be (5 + -20)/5 + 958. Suppose -20*c = -25*c + y. What is the hundreds digit of c?
1
Let v(d) = 33*d**2 + 227*d - 310. What is the units digit of v(37)?
6
Let a(w) = w - 2. Let u be a(13). Suppose 5*m + j = u, 5*j - 4 + 5 = 3*m. Suppose 2*n + 5*r = 166, -2*r - 109 = -n + m*r. What is the tens digit of n?
9
Let v(q) = -q**3 - 6*q**2 - 2*q + 8. Suppose -5*k = -9*k + 144. Let x be (-261)/k + (-1)/(-4). What is the units digit of v(x)?
1
Suppose -480*d = -407*d - 1096606. What is the units digit of d?
2
Le